 2226 + 3?
2229
In base 11, what is 2240 - 2?
2239
In base 10, what is -2 - -57?
55
In base 13, what is 7 - -15?
1c
In base 10, what is -1132 - 1?
-1133
In base 6, what is -103 + -3?
-110
In base 3, what is 12 + -12100021?
-12100002
In base 8, what is 1 - -162?
163
In base 3, what is 110 + 120011?
120121
In base 9, what is 41 + -46?
-5
In base 12, what is 48 + 1?
49
In base 2, what is 10010 - -1010001?
1100011
In base 15, what is 12e - c?
122
In base 10, what is 53 - 2?
51
In base 14, what is -25 + -1?
-26
In base 9, what is 312 - 0?
312
In base 9, what is -137 - 2?
-140
In base 7, what is -64 + 21?
-43
In base 14, what is 108 - 11?
d7
In base 3, what is -12 + -122021?
-122110
In base 4, what is 2 + 12021?
12023
In base 3, what is 2211 + 0?
2211
In base 11, what is -6a2 + 5?
-698
In base 11, what is -10 - 222?
-232
In base 4, what is 113231 - 3?
113222
In base 2, what is -1111011 + -101?
-10000000
In base 12, what is 3 + -628?
-625
In base 16, what is -f + 43?
34
In base 16, what is 64 + -3?
61
In base 3, what is -1200 - -1?
-1122
In base 3, what is -100002100 - -10?
-100002020
In base 2, what is 0 - -101110?
101110
In base 11, what is -301 - -3?
-2a9
In base 8, what is 575 - 3?
572
In base 5, what is -312 - 134?
-1001
In base 9, what is -12 + 5?
-6
In base 10, what is 9 + 149?
158
In base 12, what is -652 + -16?
-668
In base 9, what is 3 - 462?
-458
In base 13, what is -4 - -119?
115
In base 11, what is -3 + 537?
534
In base 12, what is 3 + -9a?
-97
In base 10, what is -937 + 2?
-935
In base 7, what is 0 - 351?
-351
In base 11, what is 2897 - 5?
2892
In base 14, what is -152 - -4?
-14c
In base 9, what is -15 - 162?
-177
In base 14, what is 16d - 5?
168
In base 8, what is 45 - 0?
45
In base 3, what is -121102 + 12?
-121020
In base 3, what is -10 + -120211?
-120221
In base 10, what is 0 - -17?
17
In base 16, what is -8662 + -5?
-8667
In base 9, what is -318 + 4?
-314
In base 8, what is -27 - 1?
-30
In base 11, what is -4198 - 1?
-4199
In base 6, what is -2513 + 3?
-2510
In base 16, what is f - -f2?
101
In base 5, what is 4 + 34112?
34121
In base 14, what is 1 - -a2?
a3
In base 11, what is 25 - -24?
49
In base 12, what is 1 + -23?
-22
In base 11, what is -11a5 + -6?
-1200
In base 8, what is 600 - -4?
604
In base 7, what is -34 + 104?
40
In base 15, what is 3 + -45?
-42
In base 8, what is -11 + -2?
-13
In base 8, what is -265 + -3?
-270
In base 11, what is -1 - -524?
523
In base 15, what is 5 + c2?
c7
In base 11, what is aa + 1?
100
In base 8, what is -5 + 324?
317
In base 8, what is -377 + 3?
-374
In base 5, what is -120 + 24?
-41
In base 3, what is 12 + 111022?
111111
In base 7, what is -1 - 3053?
-3054
In base 12, what is -285 - -2?
-283
In base 6, what is -1 - -133?
132
In base 12, what is 30 - 6?
26
In base 11, what is -167 - 4?
-170
In base 12, what is 8 - -19?
25
In base 12, what is -b5 - -5?
-b0
In base 2, what is 11 - 10001010?
-10000111
In base 11, what is -19 + 5?
-14
In base 4, what is 23 - -122?
211
In base 11, what is -124a - 1?
-1250
In base 15, what is -1b2 + 4?
-1ad
In base 9, what is 141 + -11?
130
In base 11, what is 5 - -a6?
100
In base 8, what is -3 - 7?
-12
In base 7, what is -144 + 4?
-140
In base 6, what is 2 - 101452?
-101450
In base 12, what is -1a2 + -2?
-1a4
In base 4, what is 10 - 322?
-312
In base 4, what is -2 + 3013?
3011
In base 13, what is a7 - 3?
a4
In base 12, what is -4a + -15?
-63
In base 7, what is 120 + 21?
141
In base 15, what is -b - 42?
-4d
In base 3, what is 0 - -101001?
101001
In base 13, what is c + 10a1?
10b0
In base 7, what is 23 - 421?
-365
In base 14, what is 100 - -46?
146
In base 11, what is 14 + 9?
22
In base 9, what is -3 + -31?
-34
In base 7, what is 132 - 0?
132
In base 11, what is -a - -112?
103
In base 7, what is 3 + 132?
135
In base 3, what is -1110020 + 12?
-1110001
In base 5, what is 44 + 103?
202
In base 4, what is 10220 - 3?
10211
In base 12, what is 8 - 256?
-24a
In base 2, what is -11010 + -10000011?
-10011101
In base 12, what is 119 + 4?
121
In base 10, what is 65 - 19?
46
In base 16, what is -9d - 1?
-9e
In base 13, what is 17 + 15?
2c
In base 13, what is -12 + 37b?
369
In base 16, what is 5 - -178?
17d
In base 6, what is 100413 - -2?
100415
In base 11, what is 8 + 1261?
1269
In base 3, what is 1 - 2212?
-2211
In base 11, what is 4 - -751?
755
In base 6, what is -5 - -3105?
3100
In base 14, what is -14a + 0?
-14a
In base 7, what is -16 + -34?
-53
In base 15, what is 74 + d?
82
In base 13, what is a + -40?
-33
In base 7, what is -32 - -10?
-22
In base 11, what is 4 + 1a15?
1a19
In base 12, what is 17a - -4?
182
In base 6, what is -101 + 215?
114
In base 10, what is 47 + 6?
53
In base 11, what is 7 + 6?
12
In base 9, what is 135 - -27?
163
In base 10, what is 22 + 47?
69
In base 16, what is -4 - ad?
-b1
In base 2, what is -10000111100010 + 0?
-10000111100010
In base 13, what is -25 - -60?
38
In base 13, what is c + -41?
-32
In base 6, what is 0 + 15?
15
In base 3, what is 1001220 - 0?
1001220
In base 9, what is 4 - -3132?
3136
In base 6, what is -1 - 5?
-10
In base 11, what is 13 - -14?
27
In base 4, what is 10 + -220?
-210
In base 11, what is 95 - 37?
59
In base 10, what is -2 + 333?
331
In base 7, what is 5 - 521?
-513
In base 14, what is -1012 - 3?
-1015
In base 16, what is -5 + -23d?
-242
In base 12, what is 3 - 12?
-b
In base 14, what is 3d66 - 5?
3d61
In base 7, what is 1 + -306?
-305
In base 7, what is 5 + 10500?
10505
In base 13, what is 143 - 7?
139
In base 12, what is 4 - -8?
10
In base 11, what is 2 - 5?
-3
In base 13, what is 3 - -35a?
360
In base 7, what is 41 - 41?
0
In base 16, what is 3f - -3?
42
In base 15, what is -2 + -131?
-133
In base 13, what is -1 - -150?
14c
In base 12, what is 3 + 9a?
a1
In base 14, what is -263 - -2?
-261
In base 11, what is -1860 + 2?
-1859
In base 8, what is -7 + 4?
-3
In base 3, what is -12 + -2200?
-2212
In base 5, what is -1132 - 33?
-1220
In base 11, what is -34 - 1?
-35
In base 4, what is -1 - 13?
-20
In base 7, what is 1115 - -10?
1125
In base 3, what is 2010 + 100?
2110
In base 14, what is -ab - 1?
-ac
In base 2, what is -100010000101000 - 1?
-100010000101001
In base 11, what is -39 + -21?
-5a
In base 2, what is -101 + 1110000000?
1101111011
In base 5, what is 0 + -1002?
-1002
In base 15, what is ec2 + -3?
ebe
In base 13, what is -c + 6b?
5c
In base 7, what is 3633 + -5?
3625
In base 4, what is 0 + -1013232?
-1013232
In base 13, what is -2 - -62?
60
In base 2, what is 1001 - -100010?
101011
In base 10, what is 31 + 3?
34
In base 7, what is 63 - 4?
56
In base 2, what is -101 - -110100?
101111
In base 15, what is 2 + -26?
-24
In base 4, what is 1 + 112233?
112300
In base 8, what is -1 - 2046?
-2047
In base 15, what is -1c + 2?
-1a
In base 13, what is 156 + -3?
153
In base 3, what is 10 + -12020?
-12010
In base 11, what is 56 + -18?
39
In base 12, what is -43 - 2?
-45
In base 12, what is 4 - -5?
9
In base 8, what is 6 - 2512?
-2504
In base 7, what is 65 + 614?
1012
In base 12, what is -45 - -5?
-40
In base 13, what is 59 + -b?
4b
In base 15, what is -125 - -4?
-121
In base 12, what is -78 + -6?
-82
In base 12, what is -174 + 1?
-173
In base 4, what is -12 + -32211?
-32223
In base 9, what is 5866 + 4?
5871
In base 7, what is -2143 + 2?
-2141
In base 10, what is -4 + -23?
-27
In base 15, what is -10a - -2?
-108
In base 6, what is -4 - 130?
-134
In base 6, what is 14301 - 4?
14253
In base 16, what is 8c5 - -2?
8c7
In base 4, what is -30112 - -1?
-30111
In base 2, what is -1000 - 100110?
-101110
In base 6, what is -344 + -501?
-1245
In base 10, what is 6420 + 5?
6425
In base 12, what is 16 - 100?
-a6
In base 5, what is 134 + -2?
132
In base 11, what is 2825 + 5?
282a
In base 8, what is 1653 - -3?
1656
In base 6, what is 1 + -154?
-153
In base 14, what is 1 - 14d?
-14c
In base 5, what is 32004 - 2?
32002
In base 16, what is -5 + 19?
14
In base 14, what is -b90 - -4?
-b8a
In base 16, what is -37 - 97?
-ce
In base 14, what is -374 + 0?
-374
In base 4, what is -2310 - 2?
-2312
In base 16, what is -6 + 9?
3
In base 10, what is -161 + -81?
-242
In base 5, what is -10 + -112?
-122
In base 15, what is -9 + -26?
-30
In base 3, what is 110 + 21011?
21121
In base 9, what is 5 + -37?
-32
In base 13, what is 14c - -2?
151
In base 15, what is -8 +